ctors of 370080719.
41, 9026359
List the prime factors of 1862551839.
3, 389, 1069, 1493
List the prime factors of 2864400838.
2, 13, 4547, 24229
List the prime factors of 53659109.
7, 31, 107, 2311
What are the prime factors of 80394487?
47, 103, 16607
List the prime factors of 213713676.
2, 3, 11, 283, 1907
What are the prime factors of 86367427?
157, 550111
What are the prime factors of 887059112?
2, 110882389
What are the prime factors of 194559553?
23, 83, 101917
What are the prime factors of 24858966?
2, 3, 11, 97, 353
List the prime factors of 397152398.
2, 198576199
What are the prime factors of 274504904?
2, 83, 413411
What are the prime factors of 2876456733?
3, 958818911
List the prime factors of 188079059.
7, 179, 367, 409
List the prime factors of 58974260.
2, 5, 2948713
List the prime factors of 3548363789.
163, 21769103
What are the prime factors of 29238262?
2, 229, 63839
List the prime factors of 22822169.
31, 71, 10369
List the prime factors of 5120802.
2, 3, 284489
What are the prime factors of 2481287910?
2, 3, 5, 43, 1923479
List the prime factors of 12168489.
3, 991, 4093
What are the prime factors of 24048963?
3, 31, 86197
What are the prime factors of 360197073?
3, 2309, 17333
What are the prime factors of 230263766?
2, 115131883
List the prime factors of 871353560.
2, 5, 7, 11, 282907
List the prime factors of 4402661084.
2, 173, 6362227
List the prime factors of 298995400.
2, 5, 11, 19, 23, 311
What are the prime factors of 1841018849?
131, 199, 70621
List the prime factors of 3389917314.
2, 3, 7, 137, 84163
List the prime factors of 182041408.
2, 2844397
List the prime factors of 1396160577.
3, 7, 41, 3677
List the prime factors of 1703791098.
2, 3, 389527
List the prime factors of 439737334.
2, 17, 12933451
List the prime factors of 61589706.
2, 3, 10264951
What are the prime factors of 580184035?
5, 6337, 18311
What are the prime factors of 1310608109?
1310608109
List the prime factors of 100928787.
3, 29, 47, 24683
What are the prime factors of 3623793339?
3, 29, 41652797
What are the prime factors of 406704384?
2, 3, 176521
List the prime factors of 44438568.
2, 3, 19, 97453
List the prime factors of 411798664.
2, 51474833
What are the prime factors of 295356513?
3, 139, 277, 2557
What are the prime factors of 1125828538?
2, 562914269
What are the prime factors of 33545100?
2, 3, 5, 31, 3607
What are the prime factors of 103191687?
3, 61, 187963
What are the prime factors of 80946051?
3, 26982017
What are the prime factors of 506082267?
3, 601, 93563
What are the prime factors of 1267596121?
11, 10476001
List the prime factors of 26818889.
26818889
What are the prime factors of 344098494?
2, 3, 73, 307, 853
List the prime factors of 37028610.
2, 3, 5, 137143
List the prime factors of 263981709.
3, 31, 61, 15511
List the prime factors of 35901219.
3, 1181, 10133
What are the prime factors of 21625086?
2, 3, 7, 421, 1223
What are the prime factors of 349358969?
29, 415409
List the prime factors of 173053929.
3, 7027, 8209
List the prime factors of 28964898.
2, 3, 251, 2137
List the prime factors of 369535821.
3, 59, 2087773
List the prime factors of 10830396.
2, 3, 41, 22013
List the prime factors of 1463182475.
5, 4957, 11807
List the prime factors of 2043208182.
2, 3, 340534697
List the prime factors of 1242763334.
2, 631, 984757
List the prime factors of 1026229368.
2, 3, 19, 2250503
List the prime factors of 107108743.
7, 43, 521, 683
List the prime factors of 16366480.
2, 5, 13, 15737
List the prime factors of 30248458.
2, 15124229
List the prime factors of 494909445.
3, 5, 32993963
What are the prime factors of 96613458?
2, 3, 109, 147727
List the prime factors of 889422886.
2, 11, 281, 143873
List the prime factors of 216947803.
3943, 55021
List the prime factors of 33284169.
3, 41, 107, 281
What are the prime factors of 3806671087?
383, 9939089
List the prime factors of 1977659854.
2, 988829927
What are the prime factors of 746926?
2, 373463
What are the prime factors of 1323343766?
2, 151, 607, 7219
List the prime factors of 96788229.
3, 53, 113, 5387
List the prime factors of 611473449.
3, 203824483
List the prime factors of 60014254.
2, 30007127
List the prime factors of 117368973.
3, 43, 2351
List the prime factors of 58923856.
2, 769, 4789
List the prime factors of 1183765279.
1183765279
What are the prime factors of 111054388?
2, 127, 218611
List the prime factors of 195615639.
3, 953, 22807
List the prime factors of 1721682594.
2, 3, 37, 861703
List the prime factors of 578406040.
2, 5, 14460151
List the prime factors of 2297431362.
2, 3, 382905227
List the prime factors of 773839185.
3, 5, 7, 571, 12907
List the prime factors of 2438013167.
2438013167
List the prime factors of 125245025.
5, 43, 116507
List the prime factors of 7579861652.
2, 11, 251, 686333
What are the prime factors of 295840601?
7, 42262943
What are the prime factors of 734903660?
2, 5, 19, 1933957
What are the prime factors of 146509178?
2, 277, 373, 709
List the prime factors of 1332828131.
19, 211, 311, 1069
List the prime factors of 2413677102.
2, 3, 17, 23663501
What are the prime factors of 1478280184?
2, 184785023
What are the prime factors of 48882236?
2, 13, 167, 433
List the prime factors of 30863023.
103, 109, 2749
What are the prime factors of 3112027504?
2, 31, 6274249
List the prime factors of 453975352.
2, 56746919
What are the prime factors of 937572876?
2, 3, 647, 40253
List the prime factors of 5316328055.
5, 617, 733, 2351
What are the prime factors of 6623610550?
2, 5, 17, 563, 13841
List the prime factors of 75012609.
3, 7, 3572029
What are the prime factors of 44716976?
2, 2794811
What are the prime factors of 4164751925?
5, 53, 3143209
What are the prime factors of 12913385?
5, 2582677
What are the prime factors of 86344871?
86344871
List the prime factors of 108367530.
2, 3, 5, 227, 15913
List the prime factors of 433325077.
19, 983, 23201
What are the prime factors of 58355343?
3, 43, 50263
List the prime factors of 316360542.
2, 3, 52726757
What are the prime factors of 292490881?
292490881
What are the prime factors of 2358616417?
3499, 674083
What are the prime factors of 4150361767?
19, 29, 396443
What are the prime factors of 1695672?
2, 3, 11, 2141
List the prime factors of 33477112.
2, 277, 15107
What are the prime factors of 502492939?
13, 2973331
What are the prime factors of 4993304980?
2, 5, 67, 3726347
What are the prime factors of 4596000477?
3, 1532000159
List the prime factors of 2080956814.
2, 157, 6627251
What are the prime factors of 54263802?
2, 3, 9043967
What are the prime factors of 1562064215?
5, 1663, 187861
What are the prime factors of 943560065?
5, 7, 197, 281, 487
List the prime factors of 8838456.
2, 3, 11, 33479
What are the prime factors of 2492069740?
2, 5, 1381, 90227
What are the prime factors of 1909525071?
3, 47, 13542731
What are the prime factors of 281345902?
2, 167, 842353
What are the prime factors of 243674700?
2, 3, 5, 812249
List the prime factors of 391581310.
2, 5, 89, 223, 1973
List the prime factors of 34587346.
2, 2729, 6337
List the prime factors of 323262617.
6653, 48589
List the prime factors of 877178864.
2, 54823679
What are the prime factors of 506828848?
2, 31676803
List the prime factors of 881196330.
2, 3, 5, 7, 109, 137, 281
List the prime factors of 149514143.
71, 2105833
List the prime factors of 52516017.
3, 5835113
What are the prime factors of 146971901?
2851, 51551
What are the prime factors of 49615306?
2, 13, 97, 103, 191
List the prime factors of 531507334.
2, 227, 1170721
List the prime factors of 304717252.
2, 7, 10882759
List the prime factors of 198116574.
2, 3, 29, 37, 30773
What are the prime factors of 342694889?
61, 97, 57917
List the prime factors of 167194343.
139, 1202837
What are the prime factors of 182854916?
2, 41, 1114969
List the prime factors of 939436567.
41, 107, 214141
List the prime factors of 817945134.
2, 3, 71, 823, 2333
List the prime factors of 721976304.
2, 3, 7, 2148739
List the prime factors of 71665236.
2, 3, 373, 593
What are the prime factors of 1209503508?
2, 3, 37, 157, 17351
What are the prime factors of 195182353?
499, 599, 653
What are the prime factors of 194397189?
3, 7, 19, 487211
List the prim